204?
2
What is the tens digit of 156?
5
What is the units digit of 26306?
6
What is the thousands digit of 11553?
1
What is the units digit of 33?
3
What is the thousands digit of 10701?
0
What is the hundreds digit of 996?
9
What is the units digit of 8593?
3
What is the tens digit of 1281?
8
What is the hundred thousands digit of 115912?
1
What is the units digit of 3706?
6
What is the hundreds digit of 3928?
9
What is the hundreds digit of 518?
5
What is the units digit of 11746?
6
What is the hundreds digit of 1470?
4
What is the units digit of 4439?
9
What is the units digit of 17902?
2
What is the hundreds digit of 27456?
4
What is the hundreds digit of 507?
5
What is the units digit of 44896?
6
What is the thousands digit of 180562?
0
What is the units digit of 31322?
2
What is the thousands digit of 8771?
8
What is the hundreds digit of 2122?
1
What is the hundreds digit of 148?
1
What is the tens digit of 42231?
3
What is the tens digit of 49?
4
What is the units digit of 970?
0
What is the ten thousands digit of 15555?
1
What is the tens digit of 489?
8
What is the hundreds digit of 16992?
9
What is the hundreds digit of 936?
9
What is the tens digit of 15485?
8
What is the thousands digit of 1669?
1
What is the hundreds digit of 148714?
7
What is the thousands digit of 4364?
4
What is the ten thousands digit of 18709?
1
What is the tens digit of 22255?
5
What is the units digit of 2553?
3
What is the units digit of 6290?
0
What is the thousands digit of 1760?
1
What is the hundreds digit of 1137?
1
What is the tens digit of 38?
3
What is the thousands digit of 6667?
6
What is the hundreds digit of 1047?
0
What is the units digit of 107154?
4
What is the tens digit of 278?
7
What is the units digit of 37079?
9
What is the thousands digit of 101148?
1
What is the hundreds digit of 28324?
3
What is the units digit of 9734?
4
What is the ten thousands digit of 81887?
8
What is the units digit of 7105?
5
What is the units digit of 13195?
5
What is the hundreds digit of 11228?
2
What is the hundreds digit of 27247?
2
What is the hundreds digit of 1223?
2
What is the ten thousands digit of 13652?
1
What is the hundreds digit of 50199?
1
What is the tens digit of 760?
6
What is the units digit of 28929?
9
What is the hundreds digit of 2980?
9
What is the tens digit of 109?
0
What is the thousands digit of 35226?
5
What is the tens digit of 502?
0
What is the thousands digit of 10739?
0
What is the thousands digit of 7537?
7
What is the units digit of 39?
9
What is the tens digit of 2178?
7
What is the units digit of 34468?
8
What is the units digit of 1407?
7
What is the hundreds digit of 3785?
7
What is the units digit of 812?
2
What is the thousands digit of 6333?
6
What is the ten thousands digit of 23928?
2
What is the tens digit of 1068?
6
What is the units digit of 1902?
2
What is the hundreds digit of 546?
5
What is the tens digit of 580?
8
What is the thousands digit of 8380?
8
What is the units digit of 864?
4
What is the hundreds digit of 121?
1
What is the ten thousands digit of 53943?
5
What is the thousands digit of 14853?
4
What is the units digit of 59148?
8
What is the units digit of 893?
3
What is the units digit of 35990?
0
What is the units digit of 905?
5
What is the ten thousands digit of 12125?
1
What is the tens digit of 63065?
6
What is the units digit of 1445?
5
What is the tens digit of 124181?
8
What is the units digit of 173?
3
What is the hundreds digit of 2423?
4
What is the thousands digit of 7535?
7
What is the units digit of 14261?
1
What is the tens digit of 13463?
6
What is the units digit of 108954?
4
What is the units digit of 6247?
7
What is the thousands digit of 28656?
8
What is the tens digit of 1433?
3
What is the hundreds digit of 4540?
5
What is the thousands digit of 1383?
1
What is the thousands digit of 15442?
5
What is the units digit of 4771?
1
What is the ten thousands digit of 12435?
1
What is the units digit of 2587?
7
What is the thousands digit of 1181?
1
What is the hundreds digit of 79840?
8
What is the units digit of 5281?
1
What is the units digit of 15414?
4
What is the ten thousands digit of 79508?
7
What is the hundreds digit of 3899?
8
What is the ten thousands digit of 11859?
1
What is the units digit of 5231?
1
What is the thousands digit of 3233?
3
What is the hundreds digit of 976?
9
What is the units digit of 5278?
8
What is the tens digit of 3612?
1
What is the thousands digit of 11146?
1
What is the tens digit of 2132?
3
What is the tens digit of 653?
5
What is the units digit of 5?
5
What is the tens digit of 328?
2
What is the tens digit of 15861?
6
What is the hundreds digit of 9632?
6
What is the units digit of 109288?
8
What is the hundreds digit of 7958?
9
What is the tens digit of 2171?
7
What is the units digit of 2292?
2
What is the hundreds digit of 1195?
1
What is the thousands digit of 2682?
2
What is the thousands digit of 17718?
7
What is the units digit of 427?
7
What is the units digit of 1040?
0
What is the hundreds digit of 672?
6
What is the thousands digit of 7610?
7
What is the units digit of 948?
8
What is the units digit of 2279?
9
What is the hundreds digit of 4193?
1
What is the tens digit of 327?
2
What is the hundreds digit of 129793?
7
What is the tens digit of 36568?
6
What is the tens digit of 89?
8
What is the ten thousands digit of 18370?
1
What is the hundreds digit of 4529?
5
What is the hundreds digit of 17255?
2
What is the units digit of 80305?
5
What is the hundreds digit of 2305?
3
What is the tens digit of 2503?
0
What is the tens digit of 68046?
4
What is the hundreds digit of 1097?
0
What is the units digit of 30941?
1
What is the units digit of 585?
5
What is the ten thousands digit of 111871?
1
What is the tens digit of 292?
9
What is the units digit of 577?
7
What is the units digit of 18723?
3
What is the units digit of 3174?
4
What is the thousands digit of 2198?
2
What is the units digit of 211?
1
What is the units digit of 4108?
8
What is the units digit of 6098?
8
What is the tens digit of 310?
1
What is the thousands digit of 1707?
1
What is the hundreds digit of 1485?
4
What is the units digit of 1445?
5
What is the hundreds digit of 13075?
0
What is the thousands digit of 20689?
0
What is the units digit of 59?
9
What is the hundreds digit of 1740?
7
What is the tens digit of 27540?
4
What is the tens digit of 3567?
6
What is the tens digit of 117029?
2
What is the hundreds digit of 9668?
6
What is the thousands digit of 15065?
5
What is the hundreds digit of 166287?
2
What is the units digit of 933?
3
What is the thousands digit of 43432?
3
What is the hundreds digit of 1047?
0
What is the tens digit of 79102?
0
What is the hundreds digit of 785?
7
What is the hundreds digit of 34708?
7
What is the tens digit of 116?
1
What is the units digit of 3331?
1
What is the thousands digit of 29873?
9
What is the units digit of 62299?
9
What is the hundreds digit of 6840?
8
What is the tens digit of 1470?
7
What is the hundreds digit of 921?
9
What is the tens digit of 6774?
7
What is the thousands digit of 46216?
6
What is the tens digit of 42364?
6
What is the hundreds digit of 1117?
1
What is the units digit of 3823?
3
What is the tens digit of 22543?
4
What is the units digit of 1649?
9
What is the units digit of 3540?
0
What is the hundreds digit of 1876?
8
What is the hundreds digit of 35131?
1
What is the thousands digit of 9471?
9
What is the hundreds digit of 598?
5
What is the tens digit of 6728?
2
What is the thousands digit of 33618?
3
What is the thousands digit of 62760?
2
What is the tens digit of 904?
0
What is the tens digit of 166?
6
What is the hundreds digit of 1205?
2
What is the tens digit of 1770?
7
What is the units digit of 1456?
6
What is the tens digit of 9523?
2
What is the hundreds digit of 56965?
9
What is the tens digit of 1753?
5
What is the units digit of 47137?
7
What is the units digit of 1401?
1
What is the units digit of 4835?
5
What is the units digit of 13999?
9
What is the tens digit of 86?
8
What is the units digit of 7926?
6
What is the hundreds digit of 8097?
0
What is the units digit of 7452?
2
What is the thousands digit of 1312?
1
What is the thousands digit of 1678?
1
What is t